8
Evaluate -24 - -5 - (-11 - 0).
-8
What is -1 - 5 - (-184 + 162)?
16
What is the value of 55 + -54 - (-7 + 4 + (-2 - -5))?
1
Evaluate -11 + (20 - -11 - 8) + 0.
12
-9 + (2 - 3) + (4 - -18)
12
Calculate (-6 - (-4 + 5)) + -33 + 48.
8
Evaluate -11 + 6 + 2 + (-2 - (2 - 1)).
-6
2 - (-7 - (0 + -2 - 3))
4
Evaluate 1 + -5 - (-133 + 143).
-14
Evaluate 1 - (-13 - -14 - -5).
-5
What is (56 - 45) + (-7 - 1)?
3
What is the value of 18 + 0 + (34 - 35)?
17
What is the value of -6 - 0 - (43 + -37)?
-12
Evaluate 3 - (-7 - 1 - (14 + -2 + -18)).
5
What is (-44 - -34) + 6 + 1?
-3
7 + 10 + -14 + 6 + -14
-5
Calculate (1 - -9) + -18 + (-9 - -4).
-13
What is -13 + 5 + 2 + -4?
-10
Evaluate -10 + 18 + -6 + -16.
-14
What is the value of 6 - (-3 - 1 - (-14 + 0 + 9))?
5
Calculate -3 + (-4 + 3 - (-2 + -1)) + 10.
9
7 + -1 - ((4 + 2 - 0) + -5)
5
Evaluate 5 + -5 + 5 - (5 + (-7 - 7)).
14
What is the value of ((10 - 6) + -4 - -4) + -22?
-18
Calculate -1 + (25 - ((10 - 8) + -1)).
23
Calculate 330 - 331 - (12 + 1).
-14
What is -21 + (15 - -5) + 3?
2
Evaluate 4 - (-2 + 1 + -18 + (-2 - -10)).
15
-4 + (2 - -1 - (0 - (2 + 4)))
5
Evaluate -16 + -1 + 61 + -29.
15
What is (-5 - (-31 + 32)) + (-3 - 1)?
-10
What is 4 + 4 - (43 - 43)?
8
What is the value of 4 - (9 - -5) - -18?
8
Evaluate (-11 - -35) + -31 + (10 - 2).
1
What is (-2 - -4) + (-12 - (-52 - -31))?
11
What is the value of (12 - (1 - (-8 + 3))) + -16 + -1?
-11
What is -21 + (-4 - -5) - (21 + -14 + -16)?
-11
Evaluate 40 + (-13 - (15 + 0)).
12
(33 - 15) + -5 - (10 + -1)
4
Evaluate 22 + -23 + -2 + 15.
12
What is 9 + (0 - (-5 + 1)) - 9?
4
Calculate (1 - (-5 + 20)) + 33.
19
Evaluate (-288 - -295) + (2 - (1 + -1)) + -6.
3
-9 + -1 + (19 - 3) + 5 + -34
-23
(-15 + 5 + -5 - -5) + 24 + -21
-7
What is the value of 8 + 5 + -4 + 26 + -5 + -8?
22
What is the value of (6 - (4 - (-9 - -4 - -4))) + -5?
-4
What is the value of 10 + 4 + (-6 - 4) + 5?
9
What is -15 + 33 + -5 - 18?
-5
-61 + (21 - 40 - -56)
-24
Calculate 11 + (-1 - (-1 - 1)) + 1116 + -1121.
7
Evaluate (-77 - (-36 + 1)) + 38.
-4
(6 - -2) + (-2 - 11) + 1 - -4
0
What is -10 + (-3 - -5) + 25 + 1 + 0?
18
What is 26 + -20 + -2 + 15?
19
-63 + 115 + -43 - (1 + 31)
-23
Calculate -9 + (-4 - -2 - (-4 + 1 + 3)).
-11
Evaluate 9 + (25 - (-17 - -41)).
10
What is the value of (-8 + (3 - 3) - -21) + 9?
22
What is the value of (12 - 8 - 4) + -14 + (-1 - -3)?
-12
What is -7 - (4 + (-8 - 1 - (3 + -10)))?
-9
-2 + 1 + -22 - -42
19
3 + (-3 - 3) - (16 + -8 - 11)
0
Calculate 0 - -17 - (3 + -4 - (9 - 9)).
18
What is 1 + (0 - 3) - -5 - -11?
14
Calculate -4 - (-1 + -1) - (-29 + 38).
-11
What is (-15 - (30 - 20)) + 28?
3
-6 - 9 - -10 - 10
-15
Calculate 6 + ((-7 - -5) + 8 - (8 + -2)).
6
What is the value of 7 + 4 + -7 - 3 - (25 + -25)?
1
Evaluate -18 + (5 + -32 - -32).
-13
What is (-7 - (-31 - -17)) + -2 + -5?
0
(-5 - (5 - 0)) + 3 + 2 + 15
10
What is the value of -1 - (-1 - (-1 + (-8 - -5)))?
-4
What is the value of -23 + 3 + 14 + -9 - 10?
-25
What is the value of -6 + (42 - 22 - 15) - (0 - 11)?
10
What is the value of -2 + -10 - -5 - (12 - (5 - -5))?
-9
What is the value of -172 - -141 - ((1 - 6) + (5 - 9))?
-22
Evaluate -42 + 38 + (-1 - -1) + 11.
7
(7 - -4) + (12 - 34 - 5)
-16
What is the value of (3 - 12) + 6 - 16 - 5?
-24
What is 45 + (37 - (43 + 34))?
5
What is (0 + 1 - (153 - 137)) + -7?
-22
49 + -62 - ((-5 - -18) + -4)
-22
Evaluate -17 - (7 + (-19 - 4)).
-1
Calculate (21 - 19 - 14) + 4 + 2 + -3.
-9
Calculate 33 + -33 + 24 - (0 + 8).
16
9 + (-22 - 8) - -10
-11
What is 6 + (25 + (-13 - 5) - (1 + 1))?
11
((-7 - 5) + 9 - 11) + 3
-11
Evaluate (-439 - -437) + (-1 + 1 - 0) + -4.
-6
What is 19 - (14 + 2) - (-3 - 3)?
9
(12 - 30) + (-2 - -5) - (-2 - -1)
-14
What is 14 - ((4 - (5 - 4)) + 4)?
7
What is the value of 92 + -74 - (-2 + 3 + -2 - -1)?
18
What is the value of (-110 - -108) + -2 + (0 - 2) + 18?
12
What is (-36 - -50) + -2 + -7?
5
Evaluate (0 - ((5 - -17) + -9)) + (4 - 0).
-9
Calculate (19 - (7 + 3)) + 1 + -4 + 0.
6
What is 1 + -6 + (4 - -7) + -8?
-2
(-58 - -10) + 4 + 22
-22
What is -7 + 10 - (27 + -5 + -7)?
-12
What is the value of -4 - ((31 + -44 - 1) + (10 - -1))?
-1
What is -12 + (9 - 4) - 3 - (-17 + 7)?
0
What is 1 - (-1 - -11) - -1?
-8
Calculate -5 + 12 + -3 + 3.
7
Evaluate 8 - (-10 - (0 + 1)).
19
Calculate -3 + -1 + (10 - 8) + 7 - -9.
14
What is 2 - (0 + (-8 - (-8 - (-2 - 2))))?
6
What is 0 - (28 - 31 - 20)?
23
What is (2 - -2) + -3 - (3 - (5 + -5))?
-2
What is the value of 9 - (45 - (-1 + -6 + 10 - 0))?
-33
Evaluate (-16 + -4 - 3) + (-7 - -1) - -5.
-24
Calculate -8 + 8 + 17 - 32.
-15
Evaluate -236 + 238 + (-1 + 4 - (-11 - -8)).
8
37 + -43 + 6 + -25
-25
What is -17 - -12 - (-25 + 6)?
14
Calculate 6 + 1 - (11 + 8 + -18).
6
What is -3 + 7 + 29 + -25?
8
What is (10 - 5) + 19 - 9?
15
What is the value of -27 + -2 - 1 - -2?
-28
335 + -323 - (4 + (3 - 2))
7
Evaluate -11 - -50 - 10 - 13.
16
What is the value of (-11 - (-2 + -11)) + 16?
18
Calculate -17 + 2 + -8 + 38 + -38.
-23
Evaluate 2 - (6 + (-19 - -9 - -7) + -9).
8
What is the value of (-18 - -10) + 2 - (0 + 27 + -3)?
-30
21 - (-49 + 13 + 24)
33
Evaluate -2 + -4 + (38 - 40 - -19).
11
-3 - ((-45 - -51) + -12 + -1)
4
What is 48 - (-19 - (-7 - 28 - -8))?
40
What is -8 - 1 - (-3 - (6 + -16) - 35)?
19
-17 + (35 - 26 - 8)
-16
Evaluate -8 - (-4 + (-6 + -9 - -11) - 7).
7
Evaluate 11 + (15 + -7 + -35 - -12).
-4
What is the value of (-13 - (0 - -11)) + 1 - (-1 - 1)?
-21
Calculate -12 - 1 - (3 + -28 + 9).
3
Calculate (-1 - (-9 - -3)) + (-14 - (-3 - -7)).
-13
What is the value of (1 - ((27 - 14) + -13)) + (-8 - 1)?
-8
Calculate 9 + -19 + 41 + -8.
23
Calculate -2 - (5 - 1) - -8.
2
Calculate 8 + -2 - (42 - 43 - (-6 + -2)).
-1
What is the value of 8 - (22 + -16) - 11?
-9
2 - (-45 + 36 + 11 + -1)
1
What is -4 - -2 - (-2 - 4 - -7) - -14?
11
-5 - (12 + -8 - 5)
-4
Evaluate (-254 - -264) + -12 + 1 - -4.
3
What is the value of -14 + (-18 - -19) + 12 - (0 - -8)?
-9
What is the value of (5 - (12 + -10)) + -8?
-5
(-2 - -5 - 11) + (-25 - -5) + -2
-30
2 - 8 - (-5 - (-27 - -9))
-19
What is -4 + -4 - (-20 - -4) - -13?
21
What is the value of -30 - -23 - 1 - -32?
24
Evaluate 2 - (20 - (-2 - 1)) - (-484 + 495).
-32
What is the value of 0 + -3 + -2 + (-9 - (3 - 7))?
-10
Evaluate 3 + 9 + -6 + 0 + -6 + 2.
2
What is the value of -78 + 17 - -43 - (0 + 1)?
-19
What is (147 - 123) + (-9 - (-2 - 0))?
17
Evaluate (0 - (0 + (10 - 5))) + 14 + -12.
-3
What is the value of 9 + -14 - ((-2 - -8) + 11)?
-22
-11 + 4 + (10 - 18)
-15
Calculate (4 - (-2 + -6) - 8) + -5.
-1
Calculate 66 + -119 + 44 - (-1 + -28).
20
6 + -13 - -4 - -8 - 0 - 14
-9
(8317 - 8330) + 22 + 1 + 1
11
Calculate -14 + 19 + -3 + (-4 - 3).
-5
What is 2 + (8 - (-12 - -11 - 10))?
21
What is the value of -11 + (-7 + 6 - -9) - 6?
-9
What is -2 + (-254 - -260) + (-6 - (1 + -2))?
-1
Evaluate -20 + 7 - 11 - -13.
-11
(-2 - 1 - -1 - -8) + (202 - 201)
7
-1067 + 1101 + (2 - 8 - -2)
30
6 - (26 - 8) - (5 - (-5 - -16))
-6
Evaluate -10 - -19 - -11 - (0 + 6 + -4).
18
Calculate 10 - (6 - -4 - -3).
-3
Calculate (7 - 0 - 5) + 3 - -6.
11
8 + (-41 - -38) + 37
42
What is (-9 - (5 + -65 + 10)) + -17?
24
What is the value of (-10 + 20 - 42) + (7 - 3) + 6?
-22
What is the value of -4 + (7 - 4 - 3) + -9?
-13
What is (10 - (-8 + 16)) + -5 - -7?
4
What is (18 - (2 - (7 + -16))) + -23?
-16
What is the value of 8 + 31 + 2 + -22?
19
Evaluate (0 - -13) + (9 - (9 - (-9 + 6))).
10
Calculate -46 + 42 + -7 + -5 + 9 + -4.
-11
1 - (-10 - (-7 + 0 + -2))
2
What is the value of 4 + (58 + -23 + -36 - (8 - 0))?
-5
What is (24 + -13 - 6) + -7 + (4 - 3)?
-1
Calculate 23 + 52 + 3 + -37 + 0 + -12.
29
Evaluate 4 + 0 + (60 - 64) + 0 + -9.
-9
6 + (5 - 0) + 2 + -7 + 5
11
Calculate -9 + -9 + 2 + 14.
-2
What is the value of 1 - ((0 - 2) + (-1 - 0 - 5))?
9
What is 0 + -1 - (-4 - (11 - -2))?
16
6 - 5 - 6 - -11 - (-3 - 4)
13
Evaluate -20 - -5 - (4 + 2 + (-9 - -4)).
-16
Calculate -15 + (-11 - -3) + 8 + 9.
-6
5 + 0 + (-24 - -22) + -10
-7
Evaluate (11 + -3 + -3 - -1) + 3.
9
Calculate 43 + -28 + 13 - 27.
1
What is 439 + -427 + 1 + -3?
10
Calculate (6 - 3) + -4 - 10.
-11
Evaluate 19 + -3 + -17 + 7.
6
Evaluate -8 + (10 - (8 - (4 - (0 - -13)))).
-15
What is the value of 1 - (3 + -18 - -17 - (5 + -2))?
2
Calculate (-3 - (-2 + 3 + -8 + 0)) + 4.
8
Calculate 1 - (1 + -7 + 8 + 8).
-9
(-6 + 18 - (-2 +